41887*i + 851514. Calculate s(-6).
192
Let s(q) = 2*q**3 + 58*q**2 - 217*q - 7634. What is s(-28)?
10
Let u(n) = -8*n**2 - 1596*n - 7352. Determine u(-193).
2684
Let h(k) = -3679*k - 33657. Calculate h(-9).
-546
Let r(t) = -4*t**3 + 640*t**2 + 4645*t + 5176. What is r(167)?
-1
Let l(m) = 4476*m - 107403. What is l(24)?
21
Let z(j) = 4*j**2 - 36683*j + 329817. Give z(9).
-6
Let v(x) = -155*x**2 + 4580*x + 9176. Determine v(-2).
-604
Let w(b) = 35*b - 1174. Determine w(5).
-999
Let q(p) = 229930*p + 459872. Give q(-2).
12
Let j(n) = 2*n**3 - 487*n**2 - 247*n + 889. Give j(244).
157
Let c(l) = l**2 + 178*l + 6451. Give c(-131).
294
Let l(t) = 195*t**2 - 2344*t - 9354. Give l(-4).
3142
Let l(h) = 2210*h**2 + 59671*h + 36. Calculate l(-27).
9
Let h(j) = -32*j**2 + 1479*j + 19. Calculate h(46).
341
Let u(p) = -8154*p + 48685. What is u(6)?
-239
Let n(p) = -p**2 - 24*p + 22690. Give n(-163).
33
Let w(v) = -4294*v + 36462. Give w(9).
-2184
Let z(p) = 33*p**2 - 2476*p + 2517. Determine z(74).
1
Let b(c) = 4*c**3 - 8*c**2 + 16*c + 106. Give b(-6).
-1142
Let n(w) = 42*w**2 - 384*w - 21. Determine n(10).
339
Let i(m) = 40769*m + 122188. Calculate i(-3).
-119
Let q(s) = -11*s**2 - 18*s + 2412. Determine q(14).
4
Let x(y) = -1712*y + 40487. Determine x(24).
-601
Let w(c) = -288*c**2 - 269*c + 657. Give w(-2).
43
Let r(v) = -376789*v - 1883936. Calculate r(-5).
9
Let v(y) = y**3 + 3*y**2 + 6795*y + 20377. Give v(-3).
-8
Let u(z) = -36141*z + 686833. Determine u(19).
154
Let a(w) = -w**3 - w**2 - 16473*w + 16475. Give a(1).
0
Let v(l) = 5*l**2 + 1529*l - 10664. Calculate v(7).
284
Let a(o) = 15*o**2 - 1938*o + 202. What is a(129)?
-185
Let h(o) = o**3 - 9*o**2 + 1247*o - 8681. What is h(7)?
-50
Let c(l) = 3*l**2 + 102*l - 234. Calculate c(-29).
-669
Let k(z) = 4957*z - 698925. Calculate k(141).
12
Let s(f) = 6*f**2 + 79284*f + 633871. Determine s(-8).
-17
Let a(l) = -12*l**3 - 5175*l**2 + 3877*l - 4762. Determine a(-432).
-10
Let c(i) = -22*i**3 + 108*i**2 + 100*i - 9. What is c(-1)?
21
Let b(o) = o**3 + 5*o**2 + 109*o - 1245. Give b(12).
2511
Let l(w) = w**2 - 59*w + 842. Calculate l(69).
1532
Let r(u) = 10*u**2 - 181*u + 1047. Give r(8).
239
Let m(k) = 1623*k - 55187. What is m(34)?
-5
Let p(w) = -570*w - 7718. What is p(-15)?
832
Let x(p) = 2*p**3 - 52*p**2 - 4078*p + 103180. Determine x(25).
-20
Let n(m) = -m**3 - 198*m**2 - 1882*m + 667. Calculate n(-188).
1043
Let h(y) = 42*y + 148. Determine h(-29).
-1070
Let u(x) = -x**2 - 37*x + 652. Calculate u(25).
-898
Let t(f) = -44*f**2 + 22907*f + 8843. Calculate t(521).
-14
Let r(m) = 372*m**2 + 5467*m - 1692. What is r(-15)?
3
Let a(s) = -s**2 - 291*s + 8554. What is a(27)?
-32
Let t(b) = b**3 + 37*b**2 + 88*b + 4765. Give t(-39).
-1709
Let v(j) = 873*j - 2665. What is v(3)?
-46
Let j(z) = -4*z**3 - 395*z**2 - 627*z + 5038. Determine j(-97).
-6
Let m(a) = 71*a - 13716. Give m(193).
-13
Let b(y) = -75524*y + 11857255. What is b(157)?
-13
Let z(j) = j**3 + 408*j**2 + 812*j + 331281. Determine z(-408).
-15
Let d(x) = -68*x - 11597. What is d(-170)?
-37
Let f(z) = -3*z**3 - 768*z**2 + 888*z + 30062. Give f(-257).
-7
Let s(z) = -5211*z + 4546. What is s(0)?
4546
Let v(g) = -78*g - 39216. What is v(-506)?
252
Let q(j) = -8*j**2 + 372*j + 1190. What is q(-3)?
2
Let p(l) = -49*l**3 - 2011*l**2 - 15255*l - 85. Calculate p(-31).
8
Let i(o) = 1940*o + 52300. Give i(-27).
-80
Let i(h) = -1598*h + 16847. Give i(12).
-2329
Let n(x) = -18*x**2 + 333*x - 65. Calculate n(21).
-1010
Let o(m) = -m**3 + 70*m**2 - 1282*m + 2106. Determine o(36).
18
Let p(l) = l**3 - 15*l**2 + 144*l - 407. Calculate p(8).
297
Let y(q) = 101*q**2 + 39*q - 2. Give y(1).
138
Let s(b) = 13156*b + 78949. Calculate s(-6).
13
Let s(k) = -4150*k + 323681. What is s(78)?
-19
Let p(u) = -30681*u + 184060. Calculate p(6).
-26
Let q(h) = 1777*h**2 - 534*h + 521. What is q(1)?
1764
Let s(f) = 309*f - 5120. Give s(17).
133
Let f(n) = 15*n**2 + 292*n + 6. Calculate f(-8).
-1370
Let i(s) = -142*s**2 - 391*s - 394. What is i(-1)?
-145
Let a(g) = -g**2 - 717*g + 8814. Determine a(12).
66
Let m(n) = n**3 - 110*n**2 + 2995*n - 1036. Determine m(62).
142
Let q(b) = -1628*b - 192083. Determine q(-118).
21
Let w(j) = -35*j**3 - 700*j**2 + 1545*j + 69. Calculate w(-22).
-41
Let d(t) = -33*t**2 - 133*t + 14. Give d(-2).
148
Let j(d) = d + 735. Determine j(-18).
717
Let p(v) = 3*v**2 - 192*v + 2545. Give p(44).
-95
Let j(u) = 23775*u - 998643. Calculate j(42).
-93
Let b(q) = -9058*q - 1114123. Calculate b(-123).
11
Let g(u) = 3076*u + 12456. Give g(-4).
152
Let r(q) = 47*q + 1859. Calculate r(-41).
-68
Let d(i) = -10*i**2 + 13035*i - 39113. Calculate d(3).
-98
Let j(v) = -1238*v - 101505. Calculate j(-82).
11
Let q(r) = r**2 - 114*r + 1985. Calculate q(24).
-175
Let v(l) = 10*l**3 - 40*l**2 + 200*l - 1156. Calculate v(5).
94
Let f(h) = -2619*h**3 - h**2 - 658*h - 657. Calculate f(-1).
2619
Let a(g) = -2*g**3 + 223*g**2 + 56*g + 6261. Give a(112).
-11
Let x(u) = -2*u**3 - 281*u**2 + 146*u + 1031. What is x(-141)?
326
Let c(a) = 44*a**3 - 11*a**2 + 249*a - 12. Determine c(0).
-12
Let i(h) = -h**3 - 27*h**2 + 111*h + 4043. Calculate i(-25).
18
Let z(j) = -1933*j - 28874. What is z(-18)?
5920
Let f(m) = 24*m - 1816. What is f(65)?
-256
Let m(i) = -2*i**3 + 10*i**2 + 2*i + 89. What is m(6)?
29
Let b(j) = 5*j**2 + 302*j + 61. Calculate b(-53).
-1900
Let p(b) = -5*b**3 - 75*b**2 + 25*b - 59. Determine p(-15).
-434
Let n(j) = -128*j - 2208. Determine n(-18).
96
Let n(h) = 1684*h + 16597. What is n(-10)?
-243
Let k(l) = -2*l**3 + 12*l**2 + 81*l + 38. Calculate k(10).
48
Let h(j) = j**2 + 60*j + 880. Calculate h(-34).
-4
Let n(d) = -338*d - 1852. What is n(-5)?
-162
Let a(h) = -16572*h + 33138. Determine a(2).
-6
Let n(w) = 2*w**2 + 4800*w + 38258. Determine n(-8).
-14
Let q(m) = -m**3 + 21*m**2 + 15*m + 19. Give q(19).
1026
Let y(d) = -2*d**2 + 68331*d + 410033. Determine y(-6).
-25
Let x(q) = -q**2 - 691*q - 105802. Determine x(-229).
-4
Let f(b) = -2*b**3 - 241*b**2 + 124*b - 4. Determine f(0).
-4
Let j(q) = -103881*q + 4466868. Give j(43).
-15
Let v(f) = f**2 - 9143*f + 1109460. Determine v(123).
0
Let p(y) = -4260*y - 24242. Give p(-6).
1318
Let u(s) = -1636*s + 21284. Determine u(13).
16
Let l(q) = -q**3 + 15*q**2 - 355*q + 5287. Calculate l(15).
-38
Let o(s) = -2067*s + 95080. What is o(46)?
-2
Let x(v) = 6*v**2 + 2983*v - 167743. Determine x(51).
-4
Let d(g) = -10*g**2 - 328*g - 2671. What is d(-15)?
-1
Let u(l) = -5178*l - 1185804. What is u(-229)?
-42
Let i(n) = -188*n - 8495. Determine i(-45).
-35
Let s(y) = 672*y + 343. Give s(-1).
-329
Let d(s) = -5*s**3 - 644*s**2 + 136*s + 349. Calculate d(-129).
-554
Let n(q) = -q**3 - 24*q**2 - 187*q - 2171. Give n(-20).
-31
Let t(o) = -36*o**2 - 541*o - 1200. Calculate t(-12).
108
Let b(a) = 3*a**3 + 588*a**2 + 1120*a - 8538. Calculate b(-194).
-2
Let d(z) = 39*z**3 + 198*z**2 + 180*z + 823. Calculate d(-5).
-2
Let k(q) = -q**3 - 2148*q**2 - 6876*q - 945949. What is k(-2145)?
-4
Let q(t) = -1015*t - 8731. Give q(-8).
-611
Let c(b) = 26551*b + 106236. Calculate c(-4).
32
Let r(a) = -76*a**2 - 10333*a + 408. Calculate r(-136).
0
Let f(r) = -r**3 - 109*r**2 - 1472*r - 174097. Determine f(-110).
-77
Let o(l) = -369*l**3 + 6*l**2 + 17*l + 10. What is o(-1)?
368
Let y(m) = 325*m**2 + 28593*m - 588. Calculate y(-88).
28
Let a(c) = -1265*c - 36655. Determine a(-29).
30
Let z(d) = d**2 + 1700*d - 365344. What is z(193)?
5
Let k(p) = 2830*p - 254670. Determine k(90).
30
Let s(k) = 345*k + 31377. Give s(-91).
-18
Let m(p) = -p**3 - 18*p**2 - 5*p - 448. Determine m(-16).
-880
Let a(z) = z**2 - 2993*z - 161405. Calculate a(-53).
33
Let w(s) = -s**3 - 109*s**2 + 801*s + 54. Calculate w(7).
-23
Let f(t) = -t**3 + 42*t**2 - 36*t - 142. Give f(42).
-1654
Let l(o) = -1652*o + 528639. What is l(320)?
-1
Let b(g) = -8100*g + 299693. Calculate b(37).
-7
Let r(c) = 564111*c - 30461994. What is r(54)?
0
Let r(d) = -3461*d + 1038321. Calculate r(300).
21
Let l(y) = -49*y**3 - 2*y**2 + 8264*y - 8262. Determine l(1).
-49
Let b(w) = 134*w**2 + 790*w + 49. Calculate b(-6).
133
Let s(v) = 17231*v - 482456. Give s(28).
12
Let k(r) = -r**3 + 554*r**2 - 76305*r - 7125. What is k(297)?
3
Let v(u) = 1669*u + 128676. What is v(-77)?
163
Let j(g) = -37*g**3 - 21